{"id":702,"date":"2023-12-11T19:12:36","date_gmt":"2023-12-11T19:12:36","guid":{"rendered":"https:\/\/tencontrefilms.com\/?page_id=702"},"modified":"2024-09-19T04:06:39","modified_gmt":"2024-09-19T04:06:39","slug":"ver-viaje","status":"publish","type":"page","link":"https:\/\/tencontrefilms.com\/index.php\/ver-viaje\/","title":{"rendered":"Ver Viaj\u00e9"},"content":{"rendered":"\t\t<div data-elementor-type=\"wp-page\" data-elementor-id=\"702\" class=\"elementor elementor-702\">\n\t\t\t\t<div class=\"elementor-element elementor-element-0769d95 e-flex e-con-boxed wpr-particle-no wpr-jarallax-no wpr-parallax-no wpr-sticky-section-no e-con e-parent\" data-id=\"0769d95\" data-element_type=\"container\">\n\t\t\t\t\t<div class=\"e-con-inner\">\n\t\t\t\t<div class=\"elementor-element elementor-element-85ff718 elementor-widget elementor-widget-video\" data-id=\"85ff718\" data-element_type=\"widget\" data-settings=\"{&quot;youtube_url&quot;:&quot;https:\\\/\\\/www.youtube.com\\\/watch?v=r1IUjMxsj-s&quot;,&quot;autoplay&quot;:&quot;yes&quot;,&quot;play_on_mobile&quot;:&quot;yes&quot;,&quot;video_type&quot;:&quot;youtube&quot;,&quot;controls&quot;:&quot;yes&quot;}\" data-widget_type=\"video.default\">\n\t\t\t\t<div class=\"elementor-widget-container\">\n\t\t\t\t\t\t\t<div class=\"elementor-wrapper elementor-open-inline\">\n\t\t\t<div class=\"elementor-video\"><\/div>\t\t<\/div>\n\t\t\t\t\t\t<\/div>\n\t\t\t\t<\/div>\n\t\t\t\t\t<\/div>\n\t\t\t\t<\/div>\n\t\t\t\t<\/div>\n\t\t","protected":false},"excerpt":{"rendered":"","protected":false},"author":2,"featured_media":0,"parent":0,"menu_order":0,"comment_status":"closed","ping_status":"closed","template":"","meta":{"footnotes":""},"class_list":["post-702","page","type-page","status-publish","hentry"],"yoast_head":"<!-- This site is optimized with the Yoast SEO plugin v26.3 - https:\/\/yoast.com\/wordpress\/plugins\/seo\/ -->\n<title>Ver Viaj\u00e9<\/title>\n<meta name=\"robots\" content=\"index, follow, max-snippet:-1, max-image-preview:large, max-video-preview:-1\" \/>\n<link rel=\"canonical\" href=\"https:\/\/tencontrefilms.com\/index.php\/ver-viaje\/\" \/>\n<meta property=\"og:locale\" content=\"es_MX\" \/>\n<meta property=\"og:type\" content=\"article\" \/>\n<meta property=\"og:title\" content=\"Ver Viaj\u00e9\" \/>\n<meta property=\"og:url\" content=\"https:\/\/tencontrefilms.com\/index.php\/ver-viaje\/\" \/>\n<meta property=\"og:site_name\" content=\"Te Encontr\u00e9 Films\" \/>\n<meta property=\"article:publisher\" content=\"https:\/\/www.facebook.com\/profile.php?id=61552113003647\" \/>\n<meta property=\"article:modified_time\" content=\"2024-09-19T04:06:39+00:00\" \/>\n<meta name=\"twitter:card\" content=\"summary_large_image\" \/>\n<script type=\"application\/ld+json\" class=\"yoast-schema-graph\">{\"@context\":\"https:\/\/schema.org\",\"@graph\":[{\"@type\":[\"Article\",\"SocialMediaPosting\"],\"@id\":\"https:\/\/tencontrefilms.com\/index.php\/ver-viaje\/#article\",\"isPartOf\":{\"@id\":\"https:\/\/tencontrefilms.com\/index.php\/ver-viaje\/\"},\"author\":{\"name\":\"Te Encontr\u00e9 Films\",\"@id\":\"https:\/\/tencontrefilms.com\/#\/schema\/person\/776bb5f67e04a0aeb8a78418f5207cdf\"},\"headline\":\"Ver Viaj\u00e9\",\"datePublished\":\"2023-12-11T19:12:36+00:00\",\"dateModified\":\"2024-09-19T04:06:39+00:00\",\"mainEntityOfPage\":{\"@id\":\"https:\/\/tencontrefilms.com\/index.php\/ver-viaje\/\"},\"wordCount\":10,\"publisher\":{\"@id\":\"https:\/\/tencontrefilms.com\/#organization\"},\"inLanguage\":\"es\"},{\"@type\":\"WebPage\",\"@id\":\"https:\/\/tencontrefilms.com\/index.php\/ver-viaje\/\",\"url\":\"https:\/\/tencontrefilms.com\/index.php\/ver-viaje\/\",\"name\":\"Ver Viaj\u00e9\",\"isPartOf\":{\"@id\":\"https:\/\/tencontrefilms.com\/#website\"},\"datePublished\":\"2023-12-11T19:12:36+00:00\",\"dateModified\":\"2024-09-19T04:06:39+00:00\",\"breadcrumb\":{\"@id\":\"https:\/\/tencontrefilms.com\/index.php\/ver-viaje\/#breadcrumb\"},\"inLanguage\":\"es\",\"potentialAction\":[{\"@type\":\"ReadAction\",\"target\":[\"https:\/\/tencontrefilms.com\/index.php\/ver-viaje\/\"]}]},{\"@type\":\"BreadcrumbList\",\"@id\":\"https:\/\/tencontrefilms.com\/index.php\/ver-viaje\/#breadcrumb\",\"itemListElement\":[{\"@type\":\"ListItem\",\"position\":1,\"name\":\"Inicio\",\"item\":\"https:\/\/tencontrefilms.com\/\"},{\"@type\":\"ListItem\",\"position\":2,\"name\":\"Ver Viaj\u00e9\"}]},{\"@type\":\"WebSite\",\"@id\":\"https:\/\/tencontrefilms.com\/#website\",\"url\":\"https:\/\/tencontrefilms.com\/\",\"name\":\"Te Encontr\u00e9 Films\",\"description\":\"Productora de creaci\u00f3n de contenido cinematogr\u00e1fico para redes sociales\",\"publisher\":{\"@id\":\"https:\/\/tencontrefilms.com\/#organization\"},\"potentialAction\":[{\"@type\":\"SearchAction\",\"target\":{\"@type\":\"EntryPoint\",\"urlTemplate\":\"https:\/\/tencontrefilms.com\/?s={search_term_string}\"},\"query-input\":{\"@type\":\"PropertyValueSpecification\",\"valueRequired\":true,\"valueName\":\"search_term_string\"}}],\"inLanguage\":\"es\"},{\"@type\":\"Organization\",\"@id\":\"https:\/\/tencontrefilms.com\/#organization\",\"name\":\"Te Encontr\u00e9 Films\",\"url\":\"https:\/\/tencontrefilms.com\/\",\"logo\":{\"@type\":\"ImageObject\",\"inLanguage\":\"es\",\"@id\":\"https:\/\/tencontrefilms.com\/#\/schema\/logo\/image\/\",\"url\":\"https:\/\/tencontrefilms.com\/wp-content\/uploads\/2024\/10\/cropped-cropped-Imag.-Hor.-Morado.png\",\"contentUrl\":\"https:\/\/tencontrefilms.com\/wp-content\/uploads\/2024\/10\/cropped-cropped-Imag.-Hor.-Morado.png\",\"width\":12968,\"height\":3584,\"caption\":\"Te Encontr\u00e9 Films\"},\"image\":{\"@id\":\"https:\/\/tencontrefilms.com\/#\/schema\/logo\/image\/\"},\"sameAs\":[\"https:\/\/www.facebook.com\/profile.php?id=61552113003647\",\"https:\/\/www.instagram.com\/teencontrefilms\/\",\"https:\/\/www.youtube.com\/@teencontrefilms\",\"https:\/\/open.spotify.com\/show\/4IAlPeSNt69D3gs1D30SZB\"]},{\"@type\":\"Person\",\"@id\":\"https:\/\/tencontrefilms.com\/#\/schema\/person\/776bb5f67e04a0aeb8a78418f5207cdf\",\"name\":\"Te Encontr\u00e9 Films\",\"image\":{\"@type\":\"ImageObject\",\"inLanguage\":\"es\",\"@id\":\"https:\/\/tencontrefilms.com\/#\/schema\/person\/image\/\",\"url\":\"https:\/\/secure.gravatar.com\/avatar\/08db2d2068b7776fd47e75bc0cb6c6efd9f4f0675ff79fd8df527e4bdcc109bc?s=96&d=mm&r=g\",\"contentUrl\":\"https:\/\/secure.gravatar.com\/avatar\/08db2d2068b7776fd47e75bc0cb6c6efd9f4f0675ff79fd8df527e4bdcc109bc?s=96&d=mm&r=g\",\"caption\":\"Te Encontr\u00e9 Films\"},\"sameAs\":[\"http:\/\/www.tencontrefilms.com\"]}]}<\/script>\n<!-- \/ Yoast SEO plugin. -->","yoast_head_json":{"title":"Ver Viaj\u00e9","robots":{"index":"index","follow":"follow","max-snippet":"max-snippet:-1","max-image-preview":"max-image-preview:large","max-video-preview":"max-video-preview:-1"},"canonical":"https:\/\/tencontrefilms.com\/index.php\/ver-viaje\/","og_locale":"es_MX","og_type":"article","og_title":"Ver Viaj\u00e9","og_url":"https:\/\/tencontrefilms.com\/index.php\/ver-viaje\/","og_site_name":"Te Encontr\u00e9 Films","article_publisher":"https:\/\/www.facebook.com\/profile.php?id=61552113003647","article_modified_time":"2024-09-19T04:06:39+00:00","twitter_card":"summary_large_image","schema":{"@context":"https:\/\/schema.org","@graph":[{"@type":["Article","SocialMediaPosting"],"@id":"https:\/\/tencontrefilms.com\/index.php\/ver-viaje\/#article","isPartOf":{"@id":"https:\/\/tencontrefilms.com\/index.php\/ver-viaje\/"},"author":{"name":"Te Encontr\u00e9 Films","@id":"https:\/\/tencontrefilms.com\/#\/schema\/person\/776bb5f67e04a0aeb8a78418f5207cdf"},"headline":"Ver Viaj\u00e9","datePublished":"2023-12-11T19:12:36+00:00","dateModified":"2024-09-19T04:06:39+00:00","mainEntityOfPage":{"@id":"https:\/\/tencontrefilms.com\/index.php\/ver-viaje\/"},"wordCount":10,"publisher":{"@id":"https:\/\/tencontrefilms.com\/#organization"},"inLanguage":"es"},{"@type":"WebPage","@id":"https:\/\/tencontrefilms.com\/index.php\/ver-viaje\/","url":"https:\/\/tencontrefilms.com\/index.php\/ver-viaje\/","name":"Ver Viaj\u00e9","isPartOf":{"@id":"https:\/\/tencontrefilms.com\/#website"},"datePublished":"2023-12-11T19:12:36+00:00","dateModified":"2024-09-19T04:06:39+00:00","breadcrumb":{"@id":"https:\/\/tencontrefilms.com\/index.php\/ver-viaje\/#breadcrumb"},"inLanguage":"es","potentialAction":[{"@type":"ReadAction","target":["https:\/\/tencontrefilms.com\/index.php\/ver-viaje\/"]}]},{"@type":"BreadcrumbList","@id":"https:\/\/tencontrefilms.com\/index.php\/ver-viaje\/#breadcrumb","itemListElement":[{"@type":"ListItem","position":1,"name":"Inicio","item":"https:\/\/tencontrefilms.com\/"},{"@type":"ListItem","position":2,"name":"Ver Viaj\u00e9"}]},{"@type":"WebSite","@id":"https:\/\/tencontrefilms.com\/#website","url":"https:\/\/tencontrefilms.com\/","name":"Te Encontr\u00e9 Films","description":"Productora de creaci\u00f3n de contenido cinematogr\u00e1fico para redes sociales","publisher":{"@id":"https:\/\/tencontrefilms.com\/#organization"},"potentialAction":[{"@type":"SearchAction","target":{"@type":"EntryPoint","urlTemplate":"https:\/\/tencontrefilms.com\/?s={search_term_string}"},"query-input":{"@type":"PropertyValueSpecification","valueRequired":true,"valueName":"search_term_string"}}],"inLanguage":"es"},{"@type":"Organization","@id":"https:\/\/tencontrefilms.com\/#organization","name":"Te Encontr\u00e9 Films","url":"https:\/\/tencontrefilms.com\/","logo":{"@type":"ImageObject","inLanguage":"es","@id":"https:\/\/tencontrefilms.com\/#\/schema\/logo\/image\/","url":"https:\/\/tencontrefilms.com\/wp-content\/uploads\/2024\/10\/cropped-cropped-Imag.-Hor.-Morado.png","contentUrl":"https:\/\/tencontrefilms.com\/wp-content\/uploads\/2024\/10\/cropped-cropped-Imag.-Hor.-Morado.png","width":12968,"height":3584,"caption":"Te Encontr\u00e9 Films"},"image":{"@id":"https:\/\/tencontrefilms.com\/#\/schema\/logo\/image\/"},"sameAs":["https:\/\/www.facebook.com\/profile.php?id=61552113003647","https:\/\/www.instagram.com\/teencontrefilms\/","https:\/\/www.youtube.com\/@teencontrefilms","https:\/\/open.spotify.com\/show\/4IAlPeSNt69D3gs1D30SZB"]},{"@type":"Person","@id":"https:\/\/tencontrefilms.com\/#\/schema\/person\/776bb5f67e04a0aeb8a78418f5207cdf","name":"Te Encontr\u00e9 Films","image":{"@type":"ImageObject","inLanguage":"es","@id":"https:\/\/tencontrefilms.com\/#\/schema\/person\/image\/","url":"https:\/\/secure.gravatar.com\/avatar\/08db2d2068b7776fd47e75bc0cb6c6efd9f4f0675ff79fd8df527e4bdcc109bc?s=96&d=mm&r=g","contentUrl":"https:\/\/secure.gravatar.com\/avatar\/08db2d2068b7776fd47e75bc0cb6c6efd9f4f0675ff79fd8df527e4bdcc109bc?s=96&d=mm&r=g","caption":"Te Encontr\u00e9 Films"},"sameAs":["http:\/\/www.tencontrefilms.com"]}]}},"jetpack_sharing_enabled":true,"amp_enabled":true,"_links":{"self":[{"href":"https:\/\/tencontrefilms.com\/index.php\/wp-json\/wp\/v2\/pages\/702","targetHints":{"allow":["GET"]}}],"collection":[{"href":"https:\/\/tencontrefilms.com\/index.php\/wp-json\/wp\/v2\/pages"}],"about":[{"href":"https:\/\/tencontrefilms.com\/index.php\/wp-json\/wp\/v2\/types\/page"}],"author":[{"embeddable":true,"href":"https:\/\/tencontrefilms.com\/index.php\/wp-json\/wp\/v2\/users\/2"}],"replies":[{"embeddable":true,"href":"https:\/\/tencontrefilms.com\/index.php\/wp-json\/wp\/v2\/comments?post=702"}],"version-history":[{"count":7,"href":"https:\/\/tencontrefilms.com\/index.php\/wp-json\/wp\/v2\/pages\/702\/revisions"}],"predecessor-version":[{"id":982,"href":"https:\/\/tencontrefilms.com\/index.php\/wp-json\/wp\/v2\/pages\/702\/revisions\/982"}],"wp:attachment":[{"href":"https:\/\/tencontrefilms.com\/index.php\/wp-json\/wp\/v2\/media?parent=702"}],"curies":[{"name":"wp","href":"https:\/\/api.w.org\/{rel}","templated":true}]}}